{"id":643,"date":"2013-12-26T17:25:24","date_gmt":"2013-12-26T15:25:24","guid":{"rendered":"http:\/\/paschu.com\/wordpress\/?page_id=643"},"modified":"2022-08-16T23:01:59","modified_gmt":"2022-08-16T21:01:59","slug":"portfolio","status":"publish","type":"page","link":"https:\/\/paschu.com\/wordpress\/","title":{"rendered":"Home"},"content":{"rendered":"\n<h2 class=\"wp-block-heading\">PA SCHU<\/h2>\n\n\n\n<p> Architecte, Ing\u00e9nieur dipl\u00f4m\u00e9, Urbaniste-Am\u00e9nageur,                                                                                     Conseiller en \u00e9nergie agr\u00e9\u00e9 par l\u2019\u00e9tat (n\u00b0 OA\/2017\/348), passeports \u00e9nerg\u00e9tiques (CPE\u2013H) Certification \u00ab LENOZ \u00bb, Myenergy certified<\/p>\n\n\n\n<figure class=\"wp-block-gallery has-nested-images columns-default is-cropped wp-block-gallery-1 is-layout-flex wp-block-gallery-is-layout-flex\">\n<figure class=\"wp-block-image size-large\"><a href=\"https:\/\/paschu.com\/wordpress\/wp-content\/uploads\/2022\/08\/07-scaled.jpg\"><img loading=\"lazy\" decoding=\"async\" width=\"1708\" height=\"2560\" data-id=\"2182\" src=\"https:\/\/paschu.com\/wordpress\/wp-content\/uploads\/2022\/08\/07-scaled.jpg\" alt=\"\" class=\"wp-image-2182\" srcset=\"https:\/\/paschu.com\/wordpress\/wp-content\/uploads\/2022\/08\/07-scaled.jpg 1708w, https:\/\/paschu.com\/wordpress\/wp-content\/uploads\/2022\/08\/07-200x300.jpg 200w, https:\/\/paschu.com\/wordpress\/wp-content\/uploads\/2022\/08\/07-683x1024.jpg 683w, https:\/\/paschu.com\/wordpress\/wp-content\/uploads\/2022\/08\/07-768x1151.jpg 768w, https:\/\/paschu.com\/wordpress\/wp-content\/uploads\/2022\/08\/07-1025x1536.jpg 1025w, https:\/\/paschu.com\/wordpress\/wp-content\/uploads\/2022\/08\/07-1367x2048.jpg 1367w, https:\/\/paschu.com\/wordpress\/wp-content\/uploads\/2022\/08\/07-630x944.jpg 630w, https:\/\/paschu.com\/wordpress\/wp-content\/uploads\/2022\/08\/07-621x930.jpg 621w\" sizes=\"auto, (max-width: 767px) 89vw, (max-width: 1000px) 54vw, (max-width: 1071px) 543px, 580px\" \/><\/a><\/figure>\n\n\n\n<figure class=\"wp-block-image size-large\"><a href=\"https:\/\/paschu.com\/wordpress\/wp-content\/uploads\/2022\/08\/05.jpg\"><img loading=\"lazy\" decoding=\"async\" width=\"2048\" height=\"1367\" data-id=\"2184\" src=\"https:\/\/paschu.com\/wordpress\/wp-content\/uploads\/2022\/08\/05.jpg\" alt=\"\" class=\"wp-image-2184\" srcset=\"https:\/\/paschu.com\/wordpress\/wp-content\/uploads\/2022\/08\/05.jpg 2048w, https:\/\/paschu.com\/wordpress\/wp-content\/uploads\/2022\/08\/05-300x200.jpg 300w, https:\/\/paschu.com\/wordpress\/wp-content\/uploads\/2022\/08\/05-1024x684.jpg 1024w, https:\/\/paschu.com\/wordpress\/wp-content\/uploads\/2022\/08\/05-768x513.jpg 768w, https:\/\/paschu.com\/wordpress\/wp-content\/uploads\/2022\/08\/05-1536x1025.jpg 1536w, https:\/\/paschu.com\/wordpress\/wp-content\/uploads\/2022\/08\/05-630x421.jpg 630w, https:\/\/paschu.com\/wordpress\/wp-content\/uploads\/2022\/08\/05-930x621.jpg 930w\" sizes=\"auto, (max-width: 767px) 89vw, (max-width: 1000px) 54vw, (max-width: 1071px) 543px, 580px\" \/><\/a><\/figure>\n\n\n\n<figure class=\"wp-block-image size-large\"><a href=\"https:\/\/paschu.com\/wordpress\/wp-content\/uploads\/2022\/08\/06.jpg\"><img loading=\"lazy\" decoding=\"async\" width=\"2048\" height=\"1367\" data-id=\"2179\" src=\"https:\/\/paschu.com\/wordpress\/wp-content\/uploads\/2022\/08\/06.jpg\" alt=\"\" class=\"wp-image-2179\" srcset=\"https:\/\/paschu.com\/wordpress\/wp-content\/uploads\/2022\/08\/06.jpg 2048w, https:\/\/paschu.com\/wordpress\/wp-content\/uploads\/2022\/08\/06-300x200.jpg 300w, https:\/\/paschu.com\/wordpress\/wp-content\/uploads\/2022\/08\/06-1024x684.jpg 1024w, https:\/\/paschu.com\/wordpress\/wp-content\/uploads\/2022\/08\/06-768x513.jpg 768w, https:\/\/paschu.com\/wordpress\/wp-content\/uploads\/2022\/08\/06-1536x1025.jpg 1536w, https:\/\/paschu.com\/wordpress\/wp-content\/uploads\/2022\/08\/06-630x421.jpg 630w, https:\/\/paschu.com\/wordpress\/wp-content\/uploads\/2022\/08\/06-930x621.jpg 930w\" sizes=\"auto, (max-width: 767px) 89vw, (max-width: 1000px) 54vw, (max-width: 1071px) 543px, 580px\" \/><\/a><\/figure>\n\n\n\n<figure class=\"wp-block-image size-large\"><a href=\"https:\/\/paschu.com\/wordpress\/wp-content\/uploads\/2022\/08\/MAT_8857.jpg\"><img loading=\"lazy\" decoding=\"async\" width=\"2048\" height=\"1367\" data-id=\"2176\" src=\"https:\/\/paschu.com\/wordpress\/wp-content\/uploads\/2022\/08\/MAT_8857.jpg\" alt=\"\" class=\"wp-image-2176\" srcset=\"https:\/\/paschu.com\/wordpress\/wp-content\/uploads\/2022\/08\/MAT_8857.jpg 2048w, https:\/\/paschu.com\/wordpress\/wp-content\/uploads\/2022\/08\/MAT_8857-300x200.jpg 300w, https:\/\/paschu.com\/wordpress\/wp-content\/uploads\/2022\/08\/MAT_8857-1024x684.jpg 1024w, https:\/\/paschu.com\/wordpress\/wp-content\/uploads\/2022\/08\/MAT_8857-768x513.jpg 768w, https:\/\/paschu.com\/wordpress\/wp-content\/uploads\/2022\/08\/MAT_8857-1536x1025.jpg 1536w, https:\/\/paschu.com\/wordpress\/wp-content\/uploads\/2022\/08\/MAT_8857-630x421.jpg 630w, https:\/\/paschu.com\/wordpress\/wp-content\/uploads\/2022\/08\/MAT_8857-930x621.jpg 930w\" sizes=\"auto, (max-width: 767px) 89vw, (max-width: 1000px) 54vw, (max-width: 1071px) 543px, 580px\" \/><\/a><\/figure>\n\n\n\n<figure class=\"wp-block-image size-large\"><a href=\"https:\/\/paschu.com\/wordpress\/wp-content\/uploads\/2022\/08\/04.jpg\"><img loading=\"lazy\" decoding=\"async\" width=\"2048\" height=\"1367\" data-id=\"2173\" src=\"https:\/\/paschu.com\/wordpress\/wp-content\/uploads\/2022\/08\/04.jpg\" alt=\"\" class=\"wp-image-2173\" srcset=\"https:\/\/paschu.com\/wordpress\/wp-content\/uploads\/2022\/08\/04.jpg 2048w, https:\/\/paschu.com\/wordpress\/wp-content\/uploads\/2022\/08\/04-300x200.jpg 300w, https:\/\/paschu.com\/wordpress\/wp-content\/uploads\/2022\/08\/04-1024x684.jpg 1024w, https:\/\/paschu.com\/wordpress\/wp-content\/uploads\/2022\/08\/04-768x513.jpg 768w, https:\/\/paschu.com\/wordpress\/wp-content\/uploads\/2022\/08\/04-1536x1025.jpg 1536w, https:\/\/paschu.com\/wordpress\/wp-content\/uploads\/2022\/08\/04-630x421.jpg 630w, https:\/\/paschu.com\/wordpress\/wp-content\/uploads\/2022\/08\/04-930x621.jpg 930w\" sizes=\"auto, (max-width: 767px) 89vw, (max-width: 1000px) 54vw, (max-width: 1071px) 543px, 580px\" \/><\/a><\/figure>\n<figcaption class=\"blocks-gallery-caption\">Passiv Haus &#8211; Eisenborn<\/figcaption><\/figure>\n\n\n\n<figure class=\"wp-block-gallery has-nested-images columns-default is-cropped wp-block-gallery-2 is-layout-flex wp-block-gallery-is-layout-flex\">\n<figure class=\"wp-block-image size-large\"><a href=\"https:\/\/paschu.com\/wordpress\/wp-content\/uploads\/2022\/08\/01.jpg\"><img loading=\"lazy\" decoding=\"async\" width=\"821\" height=\"1024\" data-id=\"2229\" src=\"https:\/\/paschu.com\/wordpress\/wp-content\/uploads\/2022\/08\/01-821x1024.jpg\" alt=\"\" class=\"wp-image-2229\" srcset=\"https:\/\/paschu.com\/wordpress\/wp-content\/uploads\/2022\/08\/01-821x1024.jpg 821w, https:\/\/paschu.com\/wordpress\/wp-content\/uploads\/2022\/08\/01-241x300.jpg 241w, https:\/\/paschu.com\/wordpress\/wp-content\/uploads\/2022\/08\/01-768x958.jpg 768w, https:\/\/paschu.com\/wordpress\/wp-content\/uploads\/2022\/08\/01-1232x1536.jpg 1232w, https:\/\/paschu.com\/wordpress\/wp-content\/uploads\/2022\/08\/01.jpg 1642w\" sizes=\"auto, (max-width: 767px) 89vw, (max-width: 1000px) 54vw, (max-width: 1071px) 543px, 580px\" \/><\/a><\/figure>\n\n\n\n\n\n<figure class=\"wp-block-image size-large\"><a href=\"https:\/\/paschu.com\/wordpress\/wp-content\/uploads\/2022\/08\/03.jpg\"><img loading=\"lazy\" decoding=\"async\" width=\"684\" height=\"1024\" data-id=\"2232\" src=\"https:\/\/paschu.com\/wordpress\/wp-content\/uploads\/2022\/08\/03-684x1024.jpg\" alt=\"\" class=\"wp-image-2232\" srcset=\"https:\/\/paschu.com\/wordpress\/wp-content\/uploads\/2022\/08\/03-684x1024.jpg 684w, https:\/\/paschu.com\/wordpress\/wp-content\/uploads\/2022\/08\/03-200x300.jpg 200w, https:\/\/paschu.com\/wordpress\/wp-content\/uploads\/2022\/08\/03-768x1151.jpg 768w, https:\/\/paschu.com\/wordpress\/wp-content\/uploads\/2022\/08\/03-1025x1536.jpg 1025w, https:\/\/paschu.com\/wordpress\/wp-content\/uploads\/2022\/08\/03.jpg 1367w\" sizes=\"auto, (max-width: 684px) 100vw, 684px\" \/><\/a><\/figure>\n\n\n\n<figure class=\"wp-block-image size-large\"><a href=\"https:\/\/paschu.com\/wordpress\/wp-content\/uploads\/2022\/08\/04-1.jpg\"><img loading=\"lazy\" decoding=\"async\" width=\"1024\" height=\"684\" data-id=\"2241\" src=\"https:\/\/paschu.com\/wordpress\/wp-content\/uploads\/2022\/08\/04-1-1024x684.jpg\" alt=\"\" class=\"wp-image-2241\" srcset=\"https:\/\/paschu.com\/wordpress\/wp-content\/uploads\/2022\/08\/04-1-1024x684.jpg 1024w, https:\/\/paschu.com\/wordpress\/wp-content\/uploads\/2022\/08\/04-1-300x200.jpg 300w, https:\/\/paschu.com\/wordpress\/wp-content\/uploads\/2022\/08\/04-1-768x513.jpg 768w, https:\/\/paschu.com\/wordpress\/wp-content\/uploads\/2022\/08\/04-1-1536x1025.jpg 1536w, https:\/\/paschu.com\/wordpress\/wp-content\/uploads\/2022\/08\/04-1.jpg 2048w\" sizes=\"auto, (max-width: 767px) 89vw, (max-width: 1000px) 54vw, (max-width: 1071px) 543px, 580px\" \/><\/a><\/figure>\n\n\n\n<figure class=\"wp-block-image size-large\"><a href=\"https:\/\/paschu.com\/wordpress\/wp-content\/uploads\/2022\/08\/05-1.jpg\"><img loading=\"lazy\" decoding=\"async\" width=\"1024\" height=\"684\" data-id=\"2244\" src=\"https:\/\/paschu.com\/wordpress\/wp-content\/uploads\/2022\/08\/05-1-1024x684.jpg\" alt=\"\" class=\"wp-image-2244\" srcset=\"https:\/\/paschu.com\/wordpress\/wp-content\/uploads\/2022\/08\/05-1-1024x684.jpg 1024w, https:\/\/paschu.com\/wordpress\/wp-content\/uploads\/2022\/08\/05-1-300x200.jpg 300w, https:\/\/paschu.com\/wordpress\/wp-content\/uploads\/2022\/08\/05-1-768x513.jpg 768w, https:\/\/paschu.com\/wordpress\/wp-content\/uploads\/2022\/08\/05-1-1536x1025.jpg 1536w, https:\/\/paschu.com\/wordpress\/wp-content\/uploads\/2022\/08\/05-1.jpg 2048w\" sizes=\"auto, (max-width: 767px) 89vw, (max-width: 1000px) 54vw, (max-width: 1071px) 543px, 580px\" \/><\/a><\/figure>\n\n\n\n<figure class=\"wp-block-image size-large\"><a href=\"https:\/\/paschu.com\/wordpress\/wp-content\/uploads\/2022\/08\/06-1.jpg\"><img loading=\"lazy\" decoding=\"async\" width=\"684\" height=\"1024\" data-id=\"2234\" src=\"https:\/\/paschu.com\/wordpress\/wp-content\/uploads\/2022\/08\/06-1-684x1024.jpg\" alt=\"\" class=\"wp-image-2234\" srcset=\"https:\/\/paschu.com\/wordpress\/wp-content\/uploads\/2022\/08\/06-1-684x1024.jpg 684w, https:\/\/paschu.com\/wordpress\/wp-content\/uploads\/2022\/08\/06-1-200x300.jpg 200w, https:\/\/paschu.com\/wordpress\/wp-content\/uploads\/2022\/08\/06-1-768x1151.jpg 768w, https:\/\/paschu.com\/wordpress\/wp-content\/uploads\/2022\/08\/06-1-1025x1536.jpg 1025w, https:\/\/paschu.com\/wordpress\/wp-content\/uploads\/2022\/08\/06-1.jpg 1367w\" sizes=\"auto, (max-width: 684px) 100vw, 684px\" \/><\/a><\/figure>\n\n\n\n<figure class=\"wp-block-image size-large\"><a href=\"https:\/\/paschu.com\/wordpress\/wp-content\/uploads\/2022\/08\/07-1.jpg\"><img loading=\"lazy\" decoding=\"async\" width=\"1024\" height=\"675\" data-id=\"2247\" src=\"https:\/\/paschu.com\/wordpress\/wp-content\/uploads\/2022\/08\/07-1-1024x675.jpg\" alt=\"\" class=\"wp-image-2247\" srcset=\"https:\/\/paschu.com\/wordpress\/wp-content\/uploads\/2022\/08\/07-1-1024x675.jpg 1024w, https:\/\/paschu.com\/wordpress\/wp-content\/uploads\/2022\/08\/07-1-300x198.jpg 300w, https:\/\/paschu.com\/wordpress\/wp-content\/uploads\/2022\/08\/07-1-768x506.jpg 768w, https:\/\/paschu.com\/wordpress\/wp-content\/uploads\/2022\/08\/07-1-1536x1013.jpg 1536w, https:\/\/paschu.com\/wordpress\/wp-content\/uploads\/2022\/08\/07-1.jpg 2048w\" sizes=\"auto, (max-width: 767px) 89vw, (max-width: 1000px) 54vw, (max-width: 1071px) 543px, 580px\" \/><\/a><\/figure>\n\n\n\n<figure class=\"wp-block-image size-large\"><a href=\"https:\/\/paschu.com\/wordpress\/wp-content\/uploads\/2022\/08\/09.jpg\"><img loading=\"lazy\" decoding=\"async\" width=\"1024\" height=\"744\" data-id=\"2250\" src=\"https:\/\/paschu.com\/wordpress\/wp-content\/uploads\/2022\/08\/09-1024x744.jpg\" alt=\"\" class=\"wp-image-2250\" srcset=\"https:\/\/paschu.com\/wordpress\/wp-content\/uploads\/2022\/08\/09-1024x744.jpg 1024w, https:\/\/paschu.com\/wordpress\/wp-content\/uploads\/2022\/08\/09-300x218.jpg 300w, https:\/\/paschu.com\/wordpress\/wp-content\/uploads\/2022\/08\/09-768x558.jpg 768w, https:\/\/paschu.com\/wordpress\/wp-content\/uploads\/2022\/08\/09-1536x1115.jpg 1536w, https:\/\/paschu.com\/wordpress\/wp-content\/uploads\/2022\/08\/09.jpg 2048w\" sizes=\"auto, (max-width: 767px) 89vw, (max-width: 1000px) 54vw, (max-width: 1071px) 543px, 580px\" \/><\/a><\/figure>\n\n\n\n<figure class=\"wp-block-image size-large\"><a href=\"https:\/\/paschu.com\/wordpress\/wp-content\/uploads\/2022\/08\/10.jpg\"><img loading=\"lazy\" decoding=\"async\" width=\"1024\" height=\"684\" data-id=\"2253\" src=\"https:\/\/paschu.com\/wordpress\/wp-content\/uploads\/2022\/08\/10-1024x684.jpg\" alt=\"\" class=\"wp-image-2253\" srcset=\"https:\/\/paschu.com\/wordpress\/wp-content\/uploads\/2022\/08\/10-1024x684.jpg 1024w, https:\/\/paschu.com\/wordpress\/wp-content\/uploads\/2022\/08\/10-300x200.jpg 300w, https:\/\/paschu.com\/wordpress\/wp-content\/uploads\/2022\/08\/10-768x513.jpg 768w, https:\/\/paschu.com\/wordpress\/wp-content\/uploads\/2022\/08\/10-1536x1025.jpg 1536w, https:\/\/paschu.com\/wordpress\/wp-content\/uploads\/2022\/08\/10.jpg 2048w\" sizes=\"auto, (max-width: 767px) 89vw, (max-width: 1000px) 54vw, (max-width: 1071px) 543px, 580px\" \/><\/a><\/figure>\n\n\n\n<figure class=\"wp-block-image size-large\"><a href=\"https:\/\/paschu.com\/wordpress\/wp-content\/uploads\/2022\/08\/11.jpg\"><img loading=\"lazy\" decoding=\"async\" width=\"1024\" height=\"687\" data-id=\"2271\" src=\"https:\/\/paschu.com\/wordpress\/wp-content\/uploads\/2022\/08\/11-1024x687.jpg\" alt=\"\" class=\"wp-image-2271\" srcset=\"https:\/\/paschu.com\/wordpress\/wp-content\/uploads\/2022\/08\/11-1024x687.jpg 1024w, https:\/\/paschu.com\/wordpress\/wp-content\/uploads\/2022\/08\/11-300x201.jpg 300w, https:\/\/paschu.com\/wordpress\/wp-content\/uploads\/2022\/08\/11-768x515.jpg 768w, https:\/\/paschu.com\/wordpress\/wp-content\/uploads\/2022\/08\/11-1536x1031.jpg 1536w, https:\/\/paschu.com\/wordpress\/wp-content\/uploads\/2022\/08\/11.jpg 2000w\" sizes=\"auto, (max-width: 767px) 89vw, (max-width: 1000px) 54vw, (max-width: 1071px) 543px, 580px\" \/><\/a><\/figure>\n\n\n\n<figure class=\"wp-block-image size-large\"><a href=\"https:\/\/paschu.com\/wordpress\/wp-content\/uploads\/2022\/08\/12.jpg\"><img loading=\"lazy\" decoding=\"async\" width=\"799\" height=\"1024\" data-id=\"2238\" src=\"https:\/\/paschu.com\/wordpress\/wp-content\/uploads\/2022\/08\/12-799x1024.jpg\" alt=\"\" class=\"wp-image-2238\" srcset=\"https:\/\/paschu.com\/wordpress\/wp-content\/uploads\/2022\/08\/12-799x1024.jpg 799w, https:\/\/paschu.com\/wordpress\/wp-content\/uploads\/2022\/08\/12-234x300.jpg 234w, https:\/\/paschu.com\/wordpress\/wp-content\/uploads\/2022\/08\/12-768x985.jpg 768w, https:\/\/paschu.com\/wordpress\/wp-content\/uploads\/2022\/08\/12-1198x1536.jpg 1198w, https:\/\/paschu.com\/wordpress\/wp-content\/uploads\/2022\/08\/12.jpg 1597w\" sizes=\"auto, (max-width: 767px) 89vw, (max-width: 1000px) 54vw, (max-width: 1071px) 543px, 580px\" \/><\/a><\/figure>\n\n\n\n<figure class=\"wp-block-image size-large\"><a href=\"https:\/\/paschu.com\/wordpress\/wp-content\/uploads\/2022\/08\/13-scaled.jpg\"><img loading=\"lazy\" decoding=\"async\" width=\"1024\" height=\"692\" data-id=\"2258\" src=\"https:\/\/paschu.com\/wordpress\/wp-content\/uploads\/2022\/08\/13-1024x692.jpg\" alt=\"\" class=\"wp-image-2258\" srcset=\"https:\/\/paschu.com\/wordpress\/wp-content\/uploads\/2022\/08\/13-1024x692.jpg 1024w, https:\/\/paschu.com\/wordpress\/wp-content\/uploads\/2022\/08\/13-300x203.jpg 300w, https:\/\/paschu.com\/wordpress\/wp-content\/uploads\/2022\/08\/13-768x519.jpg 768w, https:\/\/paschu.com\/wordpress\/wp-content\/uploads\/2022\/08\/13-1536x1038.jpg 1536w, https:\/\/paschu.com\/wordpress\/wp-content\/uploads\/2022\/08\/13-2048x1384.jpg 2048w\" sizes=\"auto, (max-width: 767px) 89vw, (max-width: 1000px) 54vw, (max-width: 1071px) 543px, 580px\" \/><\/a><\/figure>\n\n\n\n<figure class=\"wp-block-image size-large\"><a href=\"https:\/\/paschu.com\/wordpress\/wp-content\/uploads\/2022\/08\/14-scaled.jpg\"><img loading=\"lazy\" decoding=\"async\" width=\"1024\" height=\"656\" data-id=\"2261\" src=\"https:\/\/paschu.com\/wordpress\/wp-content\/uploads\/2022\/08\/14-1024x656.jpg\" alt=\"\" class=\"wp-image-2261\" srcset=\"https:\/\/paschu.com\/wordpress\/wp-content\/uploads\/2022\/08\/14-1024x656.jpg 1024w, https:\/\/paschu.com\/wordpress\/wp-content\/uploads\/2022\/08\/14-300x192.jpg 300w, https:\/\/paschu.com\/wordpress\/wp-content\/uploads\/2022\/08\/14-768x492.jpg 768w, https:\/\/paschu.com\/wordpress\/wp-content\/uploads\/2022\/08\/14-1536x984.jpg 1536w, https:\/\/paschu.com\/wordpress\/wp-content\/uploads\/2022\/08\/14-2048x1313.jpg 2048w\" sizes=\"auto, (max-width: 767px) 89vw, (max-width: 1000px) 54vw, (max-width: 1071px) 543px, 580px\" \/><\/a><\/figure>\n\n\n\n<figure class=\"wp-block-image size-large\"><a href=\"https:\/\/paschu.com\/wordpress\/wp-content\/uploads\/2022\/08\/15-scaled.jpg\"><img loading=\"lazy\" decoding=\"async\" width=\"1024\" height=\"547\" data-id=\"2264\" src=\"https:\/\/paschu.com\/wordpress\/wp-content\/uploads\/2022\/08\/15-1024x547.jpg\" alt=\"\" class=\"wp-image-2264\" srcset=\"https:\/\/paschu.com\/wordpress\/wp-content\/uploads\/2022\/08\/15-1024x547.jpg 1024w, https:\/\/paschu.com\/wordpress\/wp-content\/uploads\/2022\/08\/15-300x160.jpg 300w, https:\/\/paschu.com\/wordpress\/wp-content\/uploads\/2022\/08\/15-768x410.jpg 768w, https:\/\/paschu.com\/wordpress\/wp-content\/uploads\/2022\/08\/15-1536x820.jpg 1536w, https:\/\/paschu.com\/wordpress\/wp-content\/uploads\/2022\/08\/15-2048x1094.jpg 2048w\" sizes=\"auto, (max-width: 767px) 89vw, (max-width: 1000px) 54vw, (max-width: 1071px) 543px, 580px\" \/><\/a><\/figure>\n\n\n\n<figure class=\"wp-block-image size-large\"><a href=\"https:\/\/paschu.com\/wordpress\/wp-content\/uploads\/2022\/08\/16-scaled.jpg\"><img loading=\"lazy\" decoding=\"async\" width=\"1024\" height=\"670\" data-id=\"2267\" src=\"https:\/\/paschu.com\/wordpress\/wp-content\/uploads\/2022\/08\/16-1024x670.jpg\" alt=\"\" class=\"wp-image-2267\" srcset=\"https:\/\/paschu.com\/wordpress\/wp-content\/uploads\/2022\/08\/16-1024x670.jpg 1024w, https:\/\/paschu.com\/wordpress\/wp-content\/uploads\/2022\/08\/16-300x196.jpg 300w, https:\/\/paschu.com\/wordpress\/wp-content\/uploads\/2022\/08\/16-768x502.jpg 768w, https:\/\/paschu.com\/wordpress\/wp-content\/uploads\/2022\/08\/16-1536x1004.jpg 1536w, https:\/\/paschu.com\/wordpress\/wp-content\/uploads\/2022\/08\/16-2048x1339.jpg 2048w\" sizes=\"auto, (max-width: 767px) 89vw, (max-width: 1000px) 54vw, (max-width: 1071px) 543px, 580px\" \/><\/a><\/figure>\n<figcaption class=\"blocks-gallery-caption\">Passiv Haus &#8211; Brouch<\/figcaption><\/figure>\n\n\n\n<figure class=\"wp-block-embed is-type-video is-provider-vimeo wp-block-embed-vimeo\"><div class=\"wp-block-embed__wrapper\">\n<iframe loading=\"lazy\" title=\"Reportage RTL 2006\" src=\"https:\/\/player.vimeo.com\/video\/740133403?dnt=1&amp;app_id=122963\" width=\"450\" height=\"360\" frameborder=\"0\" allow=\"autoplay; fullscreen; picture-in-picture; clipboard-write; encrypted-media; web-share\"><\/iframe>\n<\/div><figcaption>                                                         <em>Reportage RTL &#8211; R\u00e9novation Esch-Sur-Alzette &#8211; 2006<\/em><\/figcaption><\/figure>\n\n\n\n<figure class=\"wp-block-embed is-type-video is-provider-vimeo wp-block-embed-vimeo wp-embed-aspect-21-9 wp-has-aspect-ratio\"><div class=\"wp-block-embed__wrapper\">\n<iframe loading=\"lazy\" title=\"ENOVOS - Publicit\u00e9 2020\" src=\"https:\/\/player.vimeo.com\/video\/740132709?dnt=1&amp;app_id=122963\" width=\"525\" height=\"220\" frameborder=\"0\" allow=\"autoplay; fullscreen; picture-in-picture; clipboard-write; encrypted-media; web-share\"><\/iframe>\n<\/div><figcaption>Publicit\u00e9 ENOVOS &#8211; 2020<\/figcaption><\/figure>\n\n\n\n<p><\/p>\n","protected":false},"excerpt":{"rendered":"<p>PA SCHU Architecte, Ing\u00e9nieur dipl\u00f4m\u00e9, Urbaniste-Am\u00e9nageur, Conseiller en \u00e9nergie agr\u00e9\u00e9 par l\u2019\u00e9tat (n\u00b0 OA\/2017\/348), passeports \u00e9nerg\u00e9tiques (CPE\u2013H) Certification \u00ab LENOZ \u00bb, Myenergy certified<\/p>\n","protected":false},"author":2,"featured_media":0,"parent":0,"menu_order":1,"comment_status":"closed","ping_status":"closed","template":"","meta":{"footnotes":""},"class_list":["post-643","page","type-page","status-publish","hentry"],"_links":{"self":[{"href":"https:\/\/paschu.com\/wordpress\/wp-json\/wp\/v2\/pages\/643","targetHints":{"allow":["GET"]}}],"collection":[{"href":"https:\/\/paschu.com\/wordpress\/wp-json\/wp\/v2\/pages"}],"about":[{"href":"https:\/\/paschu.com\/wordpress\/wp-json\/wp\/v2\/types\/page"}],"author":[{"embeddable":true,"href":"https:\/\/paschu.com\/wordpress\/wp-json\/wp\/v2\/users\/2"}],"replies":[{"embeddable":true,"href":"https:\/\/paschu.com\/wordpress\/wp-json\/wp\/v2\/comments?post=643"}],"version-history":[{"count":17,"href":"https:\/\/paschu.com\/wordpress\/wp-json\/wp\/v2\/pages\/643\/revisions"}],"predecessor-version":[{"id":2293,"href":"https:\/\/paschu.com\/wordpress\/wp-json\/wp\/v2\/pages\/643\/revisions\/2293"}],"wp:attachment":[{"href":"https:\/\/paschu.com\/wordpress\/wp-json\/wp\/v2\/media?parent=643"}],"curies":[{"name":"wp","href":"https:\/\/api.w.org\/{rel}","templated":true}]}}